z + 856. Is c(11) a prime number?
False
Let m(h) = h**3 - 14*h**2 - h + 17. Let a be m(14). Suppose -v - 20 = a*v. Let o(l) = 103*l**2 + 11*l + 1. Is o(v) a prime number?
True
Let z = 58562 - 26689. Suppose 10412 = 15*d - z. Is d composite?
False
Let y = 1073 + 1168. Suppose -3*l + y = -0*l. Let g = l + -266. Is g a composite number?
True
Let z = 192640 + -112283. Is z prime?
False
Suppose -d = -3*n - 268, 2*d + n + 526 = 4*d. Suppose 1738*x - 1749*x = 583. Let j = x + d. Is j prime?
False
Let s(g) = -3248*g + 7 + 7 + 7 + 3 - 21. Is s(-1) a prime number?
True
Let m = -6880 - -9497. Is m a composite number?
False
Let f(a) = 25*a**2 + 31*a + 101. Is f(17) composite?
False
Let i(r) be the first derivative of -17*r**7/840 - r**6/180 + r**5/120 + r**4/24 + r**3/3 - 1. Let k(b) be the third derivative of i(b). Is k(-2) prime?
True
Let p(r) = 13*r + 67. Let x be p(-5). Suppose 3*m + m + 3586 = x*t, -m - 1797 = -t. Is t composite?
False
Let k(v) be the third derivative of 0 - 11/2*v**3 + 0*v - 11/24*v**4 + 22*v**2. Is k(-10) prime?
False
Let j be ((-16)/(-20))/((-2)/(-10)). Suppose 3*n = 2*a - j + 3, 3*a + 4*n - 10 = 0. Is ((-745)/a)/((-2)/4) a prime number?
False
Let k = -3 + 2. Let q(t) be the first derivative of -2311*t**2/2 + 12*t + 945. Is q(k) prime?
False
Suppose 4*q - 40799 = -m + 2*m, 0 = 5*q + 4*m - 50983. Let b = q - 1846. Is b composite?
False
Let s(n) = n**2 - 6*n - 2. Let j be s(8). Let i(a) be the third derivative of a**6/120 - a**5/12 - a**4/8 - 8*a**3/3 + 493*a**2. Is i(j) a prime number?
False
Is (-260446)/((8/28)/(25/(-175))) a composite number?
False
Let j = 11 + -13. Let a(d) = 985*d**2 + d + 1. Let q be a(j). Suppose -162 = 3*z - q. Is z prime?
True
Let s be (-547525)/(-44) + 1/4. Suppose 4*j - s - 104 = 0. Is j composite?
False
Let k(r) = -3*r**3 + 6*r**2 - 7*r - 1. Let m be k(-7). Suppose 2*f - m = 601. Suppose 3*w - 343 = f. Is w a composite number?
False
Suppose -16*v + 15*v = -c - 15691, 6*v = 4*c + 94158. Is v prime?
False
Suppose 5*w - 203523 = a, -4*a = -9 + 1. Let g = w - 15762. Is g prime?
True
Suppose -5128*r = -5127*r - 30347 - 94604. Is r prime?
True
Suppose -3*o = -13*o + 50. Suppose -4*i - 4*v = -24, 0*i - 2*i + 18 = o*v. Suppose 0 = 7*w - i*w - 2994. Is w prime?
False
Let a(o) = 32 + 3 + 2*o - 6*o + 0*o - 96*o**2. Let k be a(6). Let p = 9210 + k. Is p composite?
True
Suppose 4*p + 25888 - 69046 = -2*i, 4*i - 86307 = p. Is i prime?
True
Let o(i) = 1073*i**2 + 2*i - 74. Is o(7) a prime number?
True
Suppose -78170 = -3*d + q, -74*q = 5*d - 78*q - 130281. Is d a composite number?
True
Suppose 158*j - 484455534 = -208*j. Is j prime?
True
Suppose 4*a + 86799 = x - 10768, -195084 = -2*x - 2*a. Is x a composite number?
False
Let v = -98 - -103. Suppose -5*a = 3*o - 655, 3*a + v*o - 126 - 267 = 0. Is a prime?
True
Suppose -5*s + 3*p + 10259299 = 0, 21*p - 22*p = 3. Is s prime?
False
Is 2/7 - 54512352/(-224) - -8 a composite number?
False
Let d be (3*(-114824)/(-6))/2. Let n = -13615 + d. Is n a prime number?
True
Suppose -l + 104 = 100. Suppose -41*c + 39*c = 4, -l*h - 3*c + 33982 = 0. Is h a composite number?
True
Let c = 54 + -122. Let n = -89 - c. Is (-12444)/(-14) - 3/n a composite number?
True
Suppose -4*k + 24 = z + 3, -k + 6 = z. Let u be (z - -1)*6315/10. Let r = 932 + u. Is r prime?
False
Suppose -779898 + 2592537 = 24*y - 765945. Is y prime?
True
Let c(i) = -9601*i**2 - 3*i - 10. Let s be c(-5). Is 22/253 - s/92 a composite number?
False
Let k be 24/2*2616/9. Let o = -8730 - -10865. Let x = k + o. Is x a prime number?
True
Suppose -t = -4*z + 2*t + 364127, 4*t = -4*z + 364176. Is z a prime number?
False
Suppose 0 = -4*l + 2*v + 1410, -310*l - 4*v = -309*l - 366. Let h(b) = -2*b**3 - b**2 + 4*b + 3. Let g be h(-2). Suppose l = g*z - 4357. Is z a prime number?
True
Suppose -7*m + 39 = 2*r - 10*m, 0 = 2*r - 5*m - 45. Suppose -5*s = -3*g + 1756, r*s - 12*s - 590 = -g. Is g a composite number?
False
Let m = 690 + -686. Suppose m*c + q - 28707 = 0, 0 = -4*c - 4*q - 5268 + 33972. Is c composite?
False
Let p(v) = 16*v + 8. Let x be p(-1). Let h be ((-218)/x)/((-38)/8 + 5). Let j = h + -70. Is j composite?
True
Let z = -127 - -136. Let n(i) = 4*i - 34. Let a be n(z). Is 3601/2 - a/8*-2 a prime number?
True
Suppose -3*f = k - 11174, 55880 = 5*k + 172*f - 167*f. Is k a prime number?
True
Suppose 10*l + 14 - 84 = 0. Is -6 + l - (-5790 + 2) prime?
False
Let o(s) = -438*s + 1985. Is o(-98) composite?
False
Let s = -454 - -222. Suppose 12*a - 10*a - 846 = 0. Let x = a + s. Is x a composite number?
False
Suppose -14*x = -12*x - 6. Suppose 0*q = -x*q - 2*z + 2069, -5*q + 3*z = -3461. Is q a composite number?
False
Suppose -23*m - 9*m + m = -12112351. Is m prime?
True
Let s(c) = c**2 + 7*c + 9. Let g be s(-6). Suppose -2*b - g*b = 0, -2*t - 5*b = 216. Is t/(-16) + 1/(-12)*-3 composite?
False
Suppose -27*d = -22*d - 15. Suppose 0 = d*x + x + 12. Is 1 - ((-3)/x + -321) a prime number?
False
Let x be ((-12)/24)/((-1)/6). Suppose 0 = 4*u - 4*p - 2748, 6*u + x*p = 7*u - 695. Is u a composite number?
False
Suppose 21*p + 22*p - 39*p - 589244 = 0. Is p a composite number?
False
Suppose 16 = 3*p - 44. Suppose 4*l - 8 = -p. Is ((-22)/6)/(l/531) a prime number?
False
Let n = 582 - -473. Is n composite?
True
Suppose 0 = -u - 0*u + 5. Suppose -3*i + 2*z - 13 = 0, -u*z + 2*z = i - 3. Is (5/i + 1)*(-582)/4 a composite number?
False
Let d be (-59081)/(-5) + 3/(-15). Suppose 5618 + d = 2*p. Is p a composite number?
True
Suppose -109*b + 119*b = -48370. Is (-3 + 5*10/25)*b a composite number?
True
Let u = -45892 + 125753. Is u prime?
True
Suppose 0 = -k + 2*t + 65135, -46493 - 214059 = -4*k - 4*t. Is k composite?
True
Let p(v) = -3*v - 3. Let g be p(-1). Suppose i = 5*r + 24, i - r + 5 - 13 = g. Is (-662)/(-3) + i/12 composite?
True
Suppose -3*v + 4*x = -23, -2*v - x = -3*v + 7. Suppose -v*h + 2854 + 2391 = 0. Is h a prime number?
True
Suppose 0 = -5*x + 15. Is 9444/x*(-1)/(-4) a composite number?
False
Let i(n) = -n**3 + 15*n**2 + 16*n + 6. Suppose 3*v + 2*b - 50 = 0, 2*v + 2*v - b = 63. Let u be i(v). Suppose -5*r - u*r + 2101 = 0. Is r prime?
True
Let c(u) = -8*u - 3. Let s be c(-1). Suppose -25 = -s*l, -2*l - 156 = -o - l. Suppose -o + 952 = v. Is v prime?
False
Let v(n) = n**3 + 12*n**2 + 5*n - 19. Let i be v(-8). Let k = -118 + i. Is k composite?
False
Let d be (2 - 2) + (-7467)/((-12)/4). Suppose 3*n - 4*n - 2*b + d = 0, 0 = -5*n + 4*b + 12487. Is n a composite number?
True
Let s(a) be the first derivative of -a**4/4 + a**2/2 + 745*a + 38. Suppose 10 = -4*v - 2*h, 2*h + 10 = v + v. Is s(v) composite?
True
Is -17026*(-19)/2 + (0/16)/1 composite?
True
Let h(s) = -9*s + 56. Let n(k) = -k. Let z(l) = -h(l) + 2*n(l). Is z(10) a composite number?
True
Let m be 548570/14 - (-14 + (-816)/(-56)). Suppose 5*k + 4*z - m = 0, 4*k = 8*k - 3*z - 31334. Is k a prime number?
False
Suppose -5*t = -0*t + 15. Let b be (90/(-27) - 1/t) + 9. Suppose b*o = -2*o + 264. Is o composite?
True
Is (2 - (-3107015)/8) + 402/3216 prime?
False
Let n(i) = -35*i + 192. Let w be n(6). Let g(a) = 6*a**2 - 49*a + 71. Is g(w) a composite number?
False
Suppose -6*o + 22047 = -o + 3*a, 0 = 5*o - 4*a - 22054. Let p = o - 3001. Suppose 167 = r + 5*k - 280, -p = -3*r + 2*k. Is r composite?
False
Let n = 133024 + 417345. Is n composite?
False
Suppose 0 = -4*m - n + 137833, 4*n = m - 7725 - 26712. Is m composite?
False
Suppose 18*d + 10 = 13*d. Let j be -1 - 0 - d - 3/(-3). Is j + (6 + 67)*3/1 prime?
False
Is (-38)/2565*-9 + (-8400999)/(-45) a composite number?
False
Suppose 0 = -2*c - 64 + 10. Let g = 39 + c. Is ((-1206)/(-24))/(g/32) composite?
True
Suppose -x = -6, -4*l + 68074 = 101*x - 96*x. Is l prime?
True
Suppose -r - 10*r - 33 = 0. Let o be r*(3 - 5416/12). Suppose -l + x + o = 0, 0 = -0*l + 3*l + 4*x - 4063. Is l composite?
True
Suppose -24*b + 28*b = 40. Suppose 0 = b*n - n + 2529. Let j = n + 490. Is j a prime number?
False
Let m = -1093830 + 1614707. Is m composite?
True
Suppose 4*m - 1703 = 5*u, 4*u - 245 - 165 = -m. Is m/(208/117 - 4/(-18)) composite?
False
Suppose -3*g - 66187 - 36876 = -v, 103068 = v - 4*g. Suppose -4*z + 31712 + 50728 = 4*d, 3*d - v = -5*z. Is z a prime number?
False
Is ((-28)/12)/(16/(-44592)) composite?
True
Let y(p) = 0*p**2 - p - 8*p + 2807 